{"id":37,"date":"2019-07-28T21:03:41","date_gmt":"2019-07-28T19:03:41","guid":{"rendered":"http:\/\/192.168.5.155\/wordpress\/?page_id=37"},"modified":"2021-08-13T07:12:59","modified_gmt":"2021-08-13T05:12:59","slug":"startsida","status":"publish","type":"page","link":"http:\/\/husberg.dsmynas.net\/wordpress\/","title":{"rendered":"Startsida"},"content":{"rendered":"<h2>Husbilsresande<\/h2>\n<h4>Vi gillar att resa och ska f\u00f6rs\u00f6ka skriva lite h\u00e4r under varje resa med husbilen. Hoppas ni vill f\u00f6lja med oss runt Sverige och Europa.<\/h4>\n<p>H\u00e4r kommer det samlas en massa nyttigheter s\u00e5som packlista, bra campingplatser, h\u00e4rliga bilder mm mm. Sidan uppdateras i tid och otid. Denna sida \u00e4r levande precis som du och jag.<\/p>\n\n\n<p><\/p>\n","protected":false},"excerpt":{"rendered":"<p>Husbilsresande Vi gillar att resa och ska f\u00f6rs\u00f6ka skriva lite h\u00e4r under varje resa med husbilen. Hoppas ni vill f\u00f6lja med oss runt Sverige och Europa. H\u00e4r kommer det samlas en massa nyttigheter s\u00e5som packlista, bra campingplatser, h\u00e4rliga bilder mm mm. Sidan uppdateras i tid och otid. Denna sida \u00e4r levande precis som du och &hellip; <\/p>\n<p class=\"link-more\"><a href=\"http:\/\/husberg.dsmynas.net\/wordpress\/\" class=\"more-link\">Forts\u00e4tt l\u00e4sa<span class=\"screen-reader-text\"> \u201dStartsida\u201d<\/span><\/a><\/p>\n","protected":false},"author":1,"featured_media":0,"parent":0,"menu_order":0,"comment_status":"closed","ping_status":"closed","template":"","meta":{"footnotes":""},"class_list":["post-37","page","type-page","status-publish","hentry"],"_links":{"self":[{"href":"http:\/\/husberg.dsmynas.net\/wordpress\/wp-json\/wp\/v2\/pages\/37","targetHints":{"allow":["GET"]}}],"collection":[{"href":"http:\/\/husberg.dsmynas.net\/wordpress\/wp-json\/wp\/v2\/pages"}],"about":[{"href":"http:\/\/husberg.dsmynas.net\/wordpress\/wp-json\/wp\/v2\/types\/page"}],"author":[{"embeddable":true,"href":"http:\/\/husberg.dsmynas.net\/wordpress\/wp-json\/wp\/v2\/users\/1"}],"replies":[{"embeddable":true,"href":"http:\/\/husberg.dsmynas.net\/wordpress\/wp-json\/wp\/v2\/comments?post=37"}],"version-history":[{"count":11,"href":"http:\/\/husberg.dsmynas.net\/wordpress\/wp-json\/wp\/v2\/pages\/37\/revisions"}],"predecessor-version":[{"id":1334,"href":"http:\/\/husberg.dsmynas.net\/wordpress\/wp-json\/wp\/v2\/pages\/37\/revisions\/1334"}],"wp:attachment":[{"href":"http:\/\/husberg.dsmynas.net\/wordpress\/wp-json\/wp\/v2\/media?parent=37"}],"curies":[{"name":"wp","href":"https:\/\/api.w.org\/{rel}","templated":true}]}}