{"id":893,"date":"2020-11-21T11:38:33","date_gmt":"2020-11-21T10:38:33","guid":{"rendered":"http:\/\/husberg.dsmynas.net\/wordpress\/?page_id=893"},"modified":"2021-01-24T19:18:12","modified_gmt":"2021-01-24T18:18:12","slug":"mat-forvaring","status":"publish","type":"page","link":"http:\/\/husberg.dsmynas.net\/wordpress\/att-tanka-pa\/mat-forvaring\/","title":{"rendered":"Mat\/F\u00f6rvaring"},"content":{"rendered":"\n<p>Mat beh\u00f6vs ju alltid. S\u00e5 vad vill du ha med dig? Vi tar alltid med oss basvaror hemifr\u00e5n. Vi ser till att vi klarar oss i n\u00e5gra dagar innan vi b\u00f6rjar g\u00e5 till aff\u00e4rerna och shoppar loss. Roffe \u00e4lskar att laga mat s\u00e5 all mat lagas fr\u00e5n grunden s\u00e5 vi har med oss mycket mat. <\/p>\n\n\n\n<figure class=\"wp-block-image size-large\"><img loading=\"lazy\" decoding=\"async\" width=\"768\" height=\"1024\" src=\"http:\/\/husberg.dsmynas.net\/wordpress\/wp-content\/uploads\/2021\/01\/P1100546.jpg\" alt=\"\" class=\"wp-image-944\" srcset=\"http:\/\/husberg.dsmynas.net\/wordpress\/wp-content\/uploads\/2021\/01\/P1100546.jpg 768w, http:\/\/husberg.dsmynas.net\/wordpress\/wp-content\/uploads\/2021\/01\/P1100546-225x300.jpg 225w\" sizes=\"auto, (max-width: 767px) 89vw, (max-width: 1000px) 54vw, (max-width: 1071px) 543px, 580px\" \/><figcaption>Pasta, ris, kaffe,&#8230;&#8230; Fina burkar \u00e4r ju alltid trevligt att ha. <\/figcaption><\/figure>\n\n\n\n<p>Listan enligt nedan:<\/p>\n\n\n\n<p class=\"has-text-color has-vivid-red-color\">Torrvaror<\/p>\n\n\n\n<ul class=\"wp-block-list\"><li>Kaffe <\/li><li>Te<\/li><li>Pasta<\/li><li>Ris <\/li><li>Mj\u00f6l<\/li><li>Br\u00f6d<\/li><li>Kn\u00e4ckebr\u00f6d<\/li><li>Kryddor<\/li><li>Chilis\u00e5s<\/li><li>Ketchup<\/li><li>Senap<\/li><li>Sojas\u00e5s<\/li><li>Thais\u00e5s<\/li><li>Nudlar<\/li><li>Chips\/godis<\/li><\/ul>\n\n\n\n<figure class=\"wp-block-image size-large\"><img loading=\"lazy\" decoding=\"async\" width=\"768\" height=\"1024\" src=\"http:\/\/husberg.dsmynas.net\/wordpress\/wp-content\/uploads\/2021\/01\/P1100547.jpg\" alt=\"\" class=\"wp-image-945\" srcset=\"http:\/\/husberg.dsmynas.net\/wordpress\/wp-content\/uploads\/2021\/01\/P1100547.jpg 768w, http:\/\/husberg.dsmynas.net\/wordpress\/wp-content\/uploads\/2021\/01\/P1100547-225x300.jpg 225w\" sizes=\"auto, (max-width: 767px) 89vw, (max-width: 1000px) 54vw, (max-width: 1071px) 543px, 580px\" \/><\/figure>\n\n\n\n<p class=\"has-text-color has-vivid-red-color\">Kylvaror<\/p>\n\n\n\n<ul class=\"wp-block-list\"><li>Mj\u00f6lk<\/li><li>Creme Fraiche<\/li><li>Ost<\/li><li>Skinka <\/li><li>Sm\u00f6r <\/li><li>Gr\u00f6nsaker<\/li><li>Frukt <\/li><li>Kyckling<\/li><li>R\u00e4kor<\/li><li>Fisk<\/li><\/ul>\n\n\n\n<p class=\"has-text-color has-vivid-red-color\">Drycker<\/p>\n\n\n\n<ul class=\"wp-block-list\"><li>Vin<\/li><li>\u00d6l <\/li><li>\u00d6vriga alkoholdrycker efter behag<\/li><li>L\u00e4sk\/saft <\/li><\/ul>\n\n\n\n<figure class=\"wp-block-image size-large\"><img loading=\"lazy\" decoding=\"async\" width=\"768\" height=\"1024\" src=\"http:\/\/husberg.dsmynas.net\/wordpress\/wp-content\/uploads\/2021\/01\/P1100549.jpg\" alt=\"\" class=\"wp-image-947\" srcset=\"http:\/\/husberg.dsmynas.net\/wordpress\/wp-content\/uploads\/2021\/01\/P1100549.jpg 768w, http:\/\/husberg.dsmynas.net\/wordpress\/wp-content\/uploads\/2021\/01\/P1100549-225x300.jpg 225w\" sizes=\"auto, (max-width: 767px) 89vw, (max-width: 1000px) 54vw, (max-width: 1071px) 543px, 580px\" \/><figcaption>Roffe har gjort vinh\u00e5llaren. <\/figcaption><\/figure>\n","protected":false},"excerpt":{"rendered":"<p>Mat beh\u00f6vs ju alltid. S\u00e5 vad vill du ha med dig? Vi tar alltid med oss basvaror hemifr\u00e5n. Vi ser till att vi klarar oss i n\u00e5gra dagar innan vi b\u00f6rjar g\u00e5 till aff\u00e4rerna och shoppar loss. Roffe \u00e4lskar att laga mat s\u00e5 all mat lagas fr\u00e5n grunden s\u00e5 vi har med oss mycket mat. &hellip; <\/p>\n<p class=\"link-more\"><a href=\"http:\/\/husberg.dsmynas.net\/wordpress\/att-tanka-pa\/mat-forvaring\/\" class=\"more-link\">Forts\u00e4tt l\u00e4sa<span class=\"screen-reader-text\"> \u201dMat\/F\u00f6rvaring\u201d<\/span><\/a><\/p>\n","protected":false},"author":1,"featured_media":0,"parent":832,"menu_order":0,"comment_status":"closed","ping_status":"closed","template":"","meta":{"footnotes":""},"class_list":["post-893","page","type-page","status-publish","hentry"],"_links":{"self":[{"href":"http:\/\/husberg.dsmynas.net\/wordpress\/wp-json\/wp\/v2\/pages\/893","targetHints":{"allow":["GET"]}}],"collection":[{"href":"http:\/\/husberg.dsmynas.net\/wordpress\/wp-json\/wp\/v2\/pages"}],"about":[{"href":"http:\/\/husberg.dsmynas.net\/wordpress\/wp-json\/wp\/v2\/types\/page"}],"author":[{"embeddable":true,"href":"http:\/\/husberg.dsmynas.net\/wordpress\/wp-json\/wp\/v2\/users\/1"}],"replies":[{"embeddable":true,"href":"http:\/\/husberg.dsmynas.net\/wordpress\/wp-json\/wp\/v2\/comments?post=893"}],"version-history":[{"count":3,"href":"http:\/\/husberg.dsmynas.net\/wordpress\/wp-json\/wp\/v2\/pages\/893\/revisions"}],"predecessor-version":[{"id":996,"href":"http:\/\/husberg.dsmynas.net\/wordpress\/wp-json\/wp\/v2\/pages\/893\/revisions\/996"}],"up":[{"embeddable":true,"href":"http:\/\/husberg.dsmynas.net\/wordpress\/wp-json\/wp\/v2\/pages\/832"}],"wp:attachment":[{"href":"http:\/\/husberg.dsmynas.net\/wordpress\/wp-json\/wp\/v2\/media?parent=893"}],"curies":[{"name":"wp","href":"https:\/\/api.w.org\/{rel}","templated":true}]}}