{"id":925,"date":"2021-01-01T10:55:37","date_gmt":"2021-01-01T09:55:37","guid":{"rendered":"http:\/\/husberg.dsmynas.net\/wordpress\/?page_id=925"},"modified":"2021-01-24T19:17:48","modified_gmt":"2021-01-24T18:17:48","slug":"budget","status":"publish","type":"page","link":"http:\/\/husberg.dsmynas.net\/wordpress\/att-tanka-pa\/budget\/","title":{"rendered":"Budget"},"content":{"rendered":"\n<p>Budget f\u00f6r resan<\/p>\n\n\n\n<p>Har ni t\u00e4nkt p\u00e5 att fixa n\u00e5gon slags budget inf\u00f6r er resa.\nLite reseplanering \u00e4r aldrig fel. <\/p>\n\n\n\n<p>Vi f\u00f6rs\u00f6ker alltid f\u00e5 till en budget. Kollar lite\nbensinpriser, ser hur l\u00e5ngt vi ska resa. Kollar runt lite p\u00e5 campingar\/st\u00e4llplatser\nmm. Det \u00e4r bra att l\u00e4gga lite tid p\u00e5 planering s\u00e5 kan man hitta billigare\nb\u00e5t\/broavgifter, campingar\/st\u00e4llplatser, drivmedel mm.&nbsp; H\u00e4r kommer n\u00e5gra tips. <\/p>\n\n\n\n<ul class=\"wp-block-list\"><li>Res under l\u00e5gs\u00e4song<ul><li>Under l\u00e5gs\u00e4song brukar campingpriserna vara\nbilligare och det betyder mindre m\u00e4nniskor och ni har mer utrymme p\u00e5\ncampingen.&nbsp; <\/li><\/ul><ul><li>Utflykterna har ocks\u00e5 billigare priser, det kan\nbli mer utflyter om man kan \u00e5ka under l\u00e5gs\u00e4song. <\/li><\/ul><\/li><li>Res till billigare l\u00e4nder<ul><li>Om man reser i Europa kan man \u00e5ka till \u00d6steuropa\ns\u00e5som Polen, Slovakien, Ungern, Albanien, Slovenien, Bosnien\/Hercegovina,\nSerbien. Det finn m\u00e5nga sp\u00e4nnande l\u00e4nder att d\u00e5 resa i. Det \u00e4r inte lika m\u00e5nga\npersoner som har rest i dessa l\u00e4nder, det b\u00f6rjar mer och mer exploateras. Kan\nvara lite knaggligt med spr\u00e5ket men allt g\u00e5r ju, till och med teckenspr\u00e5k. Det\nblir ju en lite mer sp\u00e4nnande resa d\u00e5. <\/li><\/ul><\/li><li>Mat<ul><li>Mat ska man ju \u00e4ta b\u00e5de hemma och p\u00e5 resa. N\u00e4r\nman har husbilen med sig s\u00e5 kan du ju alltid \u00e4ta mat i bilen. Ibland \u00e4r det\nroligt att uppt\u00e4cka landets mat via restauranger och caf\u00e9er. Om det ska vara en\nbillig resa t\u00e4nk p\u00e5 att inte g\u00e5 ut och \u00e4ta varje kv\u00e4ll utan f\u00f6rs\u00f6k att f\u00e5 till\nn\u00e5gra av landets r\u00e4tter i husbilen, sen kan du ju testa dom n\u00e4r du g\u00e5r p\u00e5 en\nrestaurang f\u00f6r att se om du sj\u00e4lv lyckades f\u00e5 till matr\u00e4tten p\u00e5 r\u00e4tt s\u00e4tt. <\/li><\/ul><ul><li>P\u00e5 saluhallarna kan man f\u00e5 v\u00e4ldigt bra med id\u00e9er\ntill olika matr\u00e4tter. Du kan ju ha kollat lite hemma innan ni \u00e5ker g\u00e4llande\nrecept som du printat ut och sen inhandlar i saluhallarna. <\/li><\/ul><\/li><li>Bensin\/Dieselpriser<ul><li>Det \u00e4r bra att ha lite koll p\u00e5 dessa priser i de\nolika l\u00e4nderna om man ska \u00e5ka igenom flera l\u00e4nder i Europa. D\u00e5 g\u00e4ller det att\ntanka upp bilen i de l\u00e4nder som har det billigare priset \u00e4ven fast inte det \u00e4r\ntomt i tanken. <\/li><\/ul><\/li><li>Boka hemma<ul><li>Om man bokar campingar\/utflykter hemma s\u00e5 kan\nman f\u00e5 ner priset lite. S\u00e5 surfa runt lite p\u00e5 n\u00e4tet och se vad f\u00f6r sp\u00e4nnande\ncampingar och utflykter det finns. Det som jag efterstr\u00e4var n\u00e4r jag nu reser \u00e4r\natt f\u00e5 se n\u00e5got v\u00e4rldsarv p\u00e5 varje resa. Om jag \u00e5ker till Danmark s\u00e5 kollar jag\nin var v\u00e4rldsarven finns och sen \u00e5ker vi till n\u00e5got av dom och g\u00f6r ett bes\u00f6k.\nSen har jag en lista hemma d\u00e4r jag prickar av dom jag har sett under resan. En\nkul grej att g\u00f6ra och inte bara resa runt p\u00e5 m\u00e5f\u00e5. F\u00e5r se hur m\u00e5nga jag hinner\nmed under min livstid. <\/li><\/ul><\/li><\/ul>\n","protected":false},"excerpt":{"rendered":"<p>Budget f\u00f6r resan Har ni t\u00e4nkt p\u00e5 att fixa n\u00e5gon slags budget inf\u00f6r er resa. Lite reseplanering \u00e4r aldrig fel. Vi f\u00f6rs\u00f6ker alltid f\u00e5 till en budget. Kollar lite bensinpriser, ser hur l\u00e5ngt vi ska resa. Kollar runt lite p\u00e5 campingar\/st\u00e4llplatser mm. Det \u00e4r bra att l\u00e4gga lite tid p\u00e5 planering s\u00e5 kan man hitta &hellip; <\/p>\n<p class=\"link-more\"><a href=\"http:\/\/husberg.dsmynas.net\/wordpress\/att-tanka-pa\/budget\/\" class=\"more-link\">Forts\u00e4tt l\u00e4sa<span class=\"screen-reader-text\"> \u201dBudget\u201d<\/span><\/a><\/p>\n","protected":false},"author":1,"featured_media":0,"parent":832,"menu_order":0,"comment_status":"closed","ping_status":"closed","template":"","meta":{"footnotes":""},"class_list":["post-925","page","type-page","status-publish","hentry"],"_links":{"self":[{"href":"http:\/\/husberg.dsmynas.net\/wordpress\/wp-json\/wp\/v2\/pages\/925","targetHints":{"allow":["GET"]}}],"collection":[{"href":"http:\/\/husberg.dsmynas.net\/wordpress\/wp-json\/wp\/v2\/pages"}],"about":[{"href":"http:\/\/husberg.dsmynas.net\/wordpress\/wp-json\/wp\/v2\/types\/page"}],"author":[{"embeddable":true,"href":"http:\/\/husberg.dsmynas.net\/wordpress\/wp-json\/wp\/v2\/users\/1"}],"replies":[{"embeddable":true,"href":"http:\/\/husberg.dsmynas.net\/wordpress\/wp-json\/wp\/v2\/comments?post=925"}],"version-history":[{"count":1,"href":"http:\/\/husberg.dsmynas.net\/wordpress\/wp-json\/wp\/v2\/pages\/925\/revisions"}],"predecessor-version":[{"id":926,"href":"http:\/\/husberg.dsmynas.net\/wordpress\/wp-json\/wp\/v2\/pages\/925\/revisions\/926"}],"up":[{"embeddable":true,"href":"http:\/\/husberg.dsmynas.net\/wordpress\/wp-json\/wp\/v2\/pages\/832"}],"wp:attachment":[{"href":"http:\/\/husberg.dsmynas.net\/wordpress\/wp-json\/wp\/v2\/media?parent=925"}],"curies":[{"name":"wp","href":"https:\/\/api.w.org\/{rel}","templated":true}]}}